s the highest common factor of 2014 and 3710?
106
Calculate the highest common factor of 891 and 6723.
81
What is the highest common factor of 2772 and 24?
12
What is the highest common factor of 517 and 11?
11
What is the highest common divisor of 532 and 4?
4
Calculate the greatest common divisor of 160 and 560.
80
What is the highest common factor of 55 and 187?
11
What is the greatest common divisor of 11286 and 2736?
342
What is the highest common factor of 752 and 282?
94
What is the highest common divisor of 1512 and 224?
56
What is the highest common divisor of 4075 and 163?
163
Calculate the highest common divisor of 110252 and 86.
86
What is the greatest common divisor of 48 and 84?
12
What is the highest common factor of 1 and 81?
1
Calculate the greatest common divisor of 20 and 760.
20
Calculate the greatest common factor of 17 and 51.
17
Calculate the greatest common factor of 100 and 35.
5
Calculate the highest common factor of 310 and 80.
10
What is the greatest common factor of 133 and 2736?
19
What is the highest common divisor of 252 and 180?
36
What is the greatest common divisor of 20 and 11250?
10
What is the highest common factor of 1184 and 185?
37
Calculate the highest common factor of 7 and 497.
7
What is the highest common factor of 674 and 2?
2
What is the highest common factor of 2136 and 9?
3
What is the highest common divisor of 98 and 32977?
49
What is the highest common factor of 192 and 696?
24
Calculate the greatest common factor of 1078 and 22.
22
Calculate the highest common factor of 65 and 10.
5
What is the greatest common divisor of 140 and 1050?
70
What is the greatest common divisor of 4173 and 26?
13
What is the highest common factor of 107 and 12091?
107
Calculate the greatest common factor of 202 and 6464.
202
What is the highest common factor of 4 and 292?
4
What is the highest common factor of 11416 and 16?
8
What is the highest common divisor of 976 and 80?
16
What is the greatest common factor of 68 and 36?
4
Calculate the highest common factor of 356 and 89.
89
Calculate the greatest common divisor of 976 and 288.
16
Calculate the greatest common divisor of 86 and 43.
43
Calculate the highest common factor of 160 and 125.
5
Calculate the highest common divisor of 399 and 84.
21
Calculate the highest common factor of 12 and 57.
3
What is the highest common factor of 826 and 476?
14
Calculate the greatest common divisor of 6187 and 667.
23
Calculate the greatest common factor of 14 and 4893.
7
Calculate the greatest common divisor of 1045 and 11.
11
What is the greatest common factor of 20 and 44510?
10
What is the greatest common factor of 504 and 224?
56
What is the greatest common factor of 12 and 984?
12
What is the highest common divisor of 59818 and 22?
22
Calculate the highest common divisor of 2546 and 722.
38
What is the greatest common factor of 280 and 105?
35
Calculate the highest common factor of 49 and 147.
49
Calculate the highest common factor of 5586 and 228.
114
What is the greatest common divisor of 4581 and 180?
9
Calculate the greatest common divisor of 1278 and 72.
18
What is the highest common divisor of 1728 and 12?
12
Calculate the greatest common factor of 252 and 84.
84
What is the highest common divisor of 16 and 248?
8
What is the greatest common factor of 255 and 135?
15
Calculate the greatest common divisor of 286 and 338.
26
Calculate the highest common factor of 15 and 330.
15
What is the highest common divisor of 152 and 416?
8
Calculate the greatest common divisor of 588 and 63.
21
What is the highest common divisor of 217 and 35?
7
What is the greatest common factor of 15133 and 37?
37
What is the highest common divisor of 5 and 47?
1
Calculate the highest common factor of 252 and 216.
36
What is the greatest common divisor of 18 and 522?
18
What is the greatest common divisor of 8 and 52?
4
Calculate the greatest common factor of 2 and 16.
2
Calculate the greatest common divisor of 685 and 10.
5
What is the highest common factor of 39501 and 9?
9
Calculate the highest common factor of 116 and 16.
4
What is the highest common divisor of 1368 and 570?
114
What is the greatest common factor of 30 and 6730?
10
What is the highest common divisor of 72 and 57?
3
Calculate the greatest common factor of 150 and 870.
30
Calculate the greatest common divisor of 8 and 3692.
4
What is the highest common divisor of 100 and 30?
10
Calculate the greatest common factor of 4181 and 113.
113
What is the greatest common divisor of 4403 and 119?
119
What is the highest common divisor of 22944 and 96?
96
What is the highest common divisor of 400 and 960?
80
Calculate the highest common factor of 40 and 2008.
8
What is the greatest common divisor of 29 and 928?
29
What is the greatest common divisor of 81 and 12?
3
Calculate the highest common divisor of 92 and 46.
46
What is the greatest common factor of 488 and 16?
8
Calculate the highest common divisor of 80 and 464.
16
Calculate the greatest common divisor of 12361 and 263.
263
Calculate the highest common divisor of 1341 and 9.
9
What is the highest common factor of 5 and 155?
5
What is the greatest common divisor of 92 and 69?
23
Calculate the highest common factor of 1928 and 2.
2
Calculate the highest common factor of 495 and 190.
5
Calculate the highest common divisor of 170 and 160.
10
What is the greatest common divisor of 26 and 741?
13
Calculate the greatest common divisor of 1080 and 460.
20
Calculate the highest common divisor of 560 and 760.
40
What is the greatest common factor of 9010 and 53?
53
What is the greatest common factor of 801 and 99?
9
Calculate the highest common factor of 41 and 21648.
41
Calculate the greatest common divisor of 140 and 5348.
28
Calculate the greatest common factor of 2546 and 152.
38
Calculate the greatest common divisor of 165 and 231.
33
Calculate the greatest common factor of 450 and 130.
10
What is the greatest common factor of 14864 and 16?
16
Calculate the highest common factor of 6622 and 770.
154
Calculate the greatest common factor of 45 and 5550.
15
What is the greatest common factor of 1215 and 5?
5
What is the greatest common factor of 10 and 95420?
10
Calculate the greatest common factor of 32 and 27.
1
What is the greatest common factor of 62402 and 82?
82
What is the greatest common divisor of 128 and 152?
8
Calculate the greatest common factor of 18 and 70326.
18
What is the greatest common factor of 132 and 564?
12
Calculate the highest common factor of 62 and 1271.
31
Calculate the highest common divisor of 6540 and 420.
60
Calculate the highest common factor of 656 and 82.
82
Calculate the greatest common factor of 165 and 240.
15
Calculate the highest common divisor of 1098 and 18.
18
What is the greatest common factor of 129 and 731?
43
Calculate the highest common factor of 138383 and 53.
53
Calculate the greatest common factor of 80 and 2120.
40
Calculate the greatest common factor of 17746 and 38.
38
What is the highest common factor of 94 and 10622?
94
Calculate the greatest common divisor of 63 and 406.
7
What is the highest common factor of 24 and 24?
24
Calculate the greatest common factor of 1332 and 27.
9
Calculate the greatest common factor of 375 and 5000.
125
What is the greatest common factor of 712 and 267?
89
What is the highest common divisor of 740 and 12?
4
Calculate the greatest common divisor of 590 and 2124.
118
Calculate the highest common divisor of 20 and 25120.
20
What is the highest common divisor of 210 and 30?
30
What is the greatest common factor of 1 and 13?
1
What is the greatest common divisor of 869 and 7031?
79
Calculate the greatest common factor of 140 and 42.
14
Calculate the highest common divisor of 2621 and 3.
1
Calculate the highest common divisor of 1000 and 375.
125
What is the greatest common divisor of 5796 and 168?
84
What is the greatest common divisor of 57 and 44859?
57
Calculate the greatest common divisor of 61 and 305.
61
What is the greatest common divisor of 3 and 2167?
1
What is the highest common factor of 60 and 244?
4
Calculate the greatest common divisor of 13 and 7423.
13
What is the greatest common divisor of 615 and 40?
5
What is the greatest common divisor of 882 and 54?
18
Calculate the highest 